 29, 509
List the prime factors of 15530542.
2, 1831, 4241
What are the prime factors of 492701?
11, 47, 953
List the prime factors of 16786219.
103, 162973
List the prime factors of 123001.
123001
List the prime factors of 446920.
2, 5, 11173
List the prime factors of 942796.
2, 235699
List the prime factors of 8884734.
2, 3, 167, 8867
What are the prime factors of 172411?
172411
What are the prime factors of 2108013?
3, 702671
What are the prime factors of 2322365?
5, 31, 14983
List the prime factors of 33255177.
3, 239, 46381
List the prime factors of 259857.
3, 13, 2221
What are the prime factors of 2648745?
3, 5, 11, 5351
What are the prime factors of 337904?
2, 7, 431
List the prime factors of 6803295.
3, 5, 453553
What are the prime factors of 22831985?
5, 11, 23, 18049
What are the prime factors of 19455527?
7, 13, 67, 3191
List the prime factors of 376910.
2, 5, 37691
What are the prime factors of 19156478?
2, 11, 79159
List the prime factors of 25035726.
2, 3, 4172621
List the prime factors of 781614.
2, 3, 173, 251
What are the prime factors of 10441008?
2, 3, 24169
List the prime factors of 1148887.
37, 31051
List the prime factors of 71198.
2, 97, 367
List the prime factors of 514932.
2, 3, 11, 47, 83
What are the prime factors of 474389?
474389
List the prime factors of 1729261.
1729261
List the prime factors of 10007434.
2, 5003717
List the prime factors of 545870.
2, 5, 13, 17, 19
What are the prime factors of 80513?
80513
What are the prime factors of 307428?
2, 3, 11, 17, 137
What are the prime factors of 221715?
3, 5, 13, 379
What are the prime factors of 11215307?
11215307
List the prime factors of 3832460.
2, 5, 37, 5179
List the prime factors of 2380214.
2, 41, 29027
List the prime factors of 11539909.
11539909
What are the prime factors of 2465511?
3, 79, 101, 103
What are the prime factors of 209129?
163, 1283
What are the prime factors of 1725007?
17, 29, 3499
What are the prime factors of 161605?
5, 32321
List the prime factors of 454365.
3, 5, 23, 439
What are the prime factors of 4181175?
3, 5, 18583
What are the prime factors of 22192992?
2, 3, 263, 293
What are the prime factors of 7576536?
2, 3, 11, 2609
List the prime factors of 5024091.
3, 197, 8501
What are the prime factors of 6762463?
6762463
What are the prime factors of 182152?
2, 22769
What are the prime factors of 272078?
2, 29, 4691
What are the prime factors of 1322372?
2, 311, 1063
List the prime factors of 328110.
2, 3, 5, 10937
List the prime factors of 5657709.
3, 401, 4703
What are the prime factors of 16369561?
13, 569, 2213
List the prime factors of 11133740.
2, 5, 556687
What are the prime factors of 3328060?
2, 5, 166403
What are the prime factors of 1979637?
3, 11, 239, 251
What are the prime factors of 1163400?
2, 3, 5, 7, 277
List the prime factors of 414856.
2, 13, 3989
What are the prime factors of 10813532?
2, 67, 157, 257
What are the prime factors of 1175379?
3, 37, 10589
List the prime factors of 194757.
3, 64919
What are the prime factors of 2854348?
2, 7, 14563
What are the prime factors of 3192490?
2, 5, 7, 59, 773
What are the prime factors of 1510799?
1510799
What are the prime factors of 119000?
2, 5, 7, 17
List the prime factors of 4015805.
5, 131, 6131
List the prime factors of 526839.
3, 151, 1163
What are the prime factors of 6562340?
2, 5, 17, 19301
What are the prime factors of 153368?
2, 19, 1009
List the prime factors of 3687775.
5, 7, 13, 1621
List the prime factors of 5022463.
17, 295439
What are the prime factors of 361311?
3, 29, 4153
What are the prime factors of 25120817?
37, 678941
List the prime factors of 4079176.
2, 37, 13781
List the prime factors of 238027.
23, 79, 131
List the prime factors of 10472175.
3, 5, 7, 61, 109
List the prime factors of 6441102.
2, 3, 357839
What are the prime factors of 2388288?
2, 3, 7, 1777
What are the prime factors of 356629?
7, 13, 3919
List the prime factors of 21044433.
3, 137, 51203
List the prime factors of 300937.
7, 13, 3307
What are the prime factors of 217236?
2, 3, 43, 421
List the prime factors of 347278.
2, 89, 1951
What are the prime factors of 691512?
2, 3, 28813
List the prime factors of 5121041.
5121041
What are the prime factors of 189220?
2, 5, 9461
What are the prime factors of 489635?
5, 97927
List the prime factors of 10205034.
2, 3, 7, 103, 337
List the prime factors of 3926601.
3, 7, 62327
What are the prime factors of 162967?
7, 31, 751
List the prime factors of 2539130.
2, 5, 11, 41, 563
List the prime factors of 348011.
348011
List the prime factors of 3209028.
2, 3, 267419
List the prime factors of 2111655.
3, 5, 7, 13, 17
List the prime factors of 13793743.
197, 70019
List the prime factors of 74408.
2, 71, 131
List the prime factors of 1057713.
3, 271, 1301
List the prime factors of 3258482.
2, 251, 6491
What are the prime factors of 1968770?
2, 5, 17, 37, 313
List the prime factors of 121115.
5, 24223
List the prime factors of 26180610.
2, 3, 5, 872687
What are the prime factors of 252578?
2, 47, 2687
What are the prime factors of 6280594?
2, 3140297
List the prime factors of 7767338.
2, 3883669
What are the prime factors of 4832732?
2, 599, 2017
What are the prime factors of 8553581?
8553581
What are the prime factors of 1123168?
2, 35099
What are the prime factors of 1999191?
3, 131, 5087
List the prime factors of 3244745.
5, 7, 92707
List the prime factors of 652914.
2, 3, 107, 113
What are the prime factors of 1252386?
2, 3, 41, 1697
What are the prime factors of 17054598?
2, 3, 11, 258403
List the prime factors of 1099035.
3, 5, 7, 1163
List the prime factors of 730622.
2, 401, 911
List the prime factors of 200993.
13, 15461
What are the prime factors of 647409?
3, 7, 30829
List the prime factors of 1000190.
2, 5, 100019
List the prime factors of 1260943.
653, 1931
What are the prime factors of 3960123?
3, 271, 4871
What are the prime factors of 896302?
2, 11, 131, 311
List the prime factors of 2686129.
83, 32363
List the prime factors of 723264.
2, 3, 3767
List the prime factors of 382602.
2, 3, 11, 17, 31
What are the prime factors of 3344247?
3, 19, 41, 53
What are the prime factors of 366868?
2, 41, 2237
What are the prime factors of 22271317?
269, 82793
What are the prime factors of 241417?
11, 17, 1291
What are the prime factors of 17339422?
2, 17, 131, 229
List the prime factors of 195867.
3, 7, 3109
List the prime factors of 903424.
2, 3529
What are the prime factors of 1299195?
3, 5, 28871
What are the prime factors of 2677789?
17, 67, 2351
List the prime factors of 3600556.
2, 900139
What are the prime factors of 925216?
2, 29, 997
List the prime factors of 22782080.
2, 5, 35597
What are the prime factors of 255467?
255467
List the prime factors of 353873.
13, 163, 167
What are the prime factors of 136222?
2, 68111
What are the prime factors of 705058?
2, 17, 89, 233
List the prime factors of 153421.
153421
List the prime factors of 1848773.
1848773
What are the prime factors of 547551?
3, 83, 733
List the prime factors of 24842954.
2, 2797, 4441
What are the prime factors of 1893262?
2, 7, 19319
What are the prime factors of 72994?
2, 36497
List the prime factors of 353950.
2, 5, 7079
What are the prime factors of 376245?
3, 5, 929
List the prime factors of 462844.
2, 251, 461
What are the prime factors of 119602?
2, 7, 8543
What are the prime factors of 21521939?
21521939
What are the prime factors of 8367850?
2, 5, 101, 1657
What are the prime factors of 3495157?
31, 3637
What are the prime factors of 1793251?
1793251
What are the prime factors of 7535768?
2, 941971
What are the prime factors of 827216?
2, 13, 41, 97
List the prime factors of 421782.
2, 3, 70297
What are the prime factors of 1209070?
2, 5, 120907
List the prime factors of 306585.
3, 5, 757
List the prime factors of 467971.
7, 66853
List the prime factors of 268287.
3, 37, 2417
List the prime factors of 5052061.
7, 29, 41, 607
List the prime factors of 647361.
3, 11, 13, 503
What are the prime factors of 414069?
3, 17, 23, 353
List the prime factors of 4847073.
3, 7, 11, 20983
What are the prime factors of 594096?
2, 3, 12377
List the prime factors of 2649889.
11, 240899
List the prime factors of 9823076.
2, 17, 19, 7603
List the prime factors of 221528.
2, 27